{"id":1067,"date":"2022-10-25T14:49:09","date_gmt":"2022-10-25T14:49:09","guid":{"rendered":"https:\/\/clearingourpath.ca\/?page_id=1067"},"modified":"2022-10-25T14:49:09","modified_gmt":"2022-10-25T14:49:09","slug":"bancs","status":"publish","type":"page","link":"https:\/\/clearingourpath.ca\/index.php\/language\/fr\/exigences-generales-de-design\/elements-de-design-exterieur\/installations-recreatives\/bancs\/","title":{"rendered":"Bancs"},"content":{"rendered":"<p>Les bancs doivent \u00eatre install\u00e9s au m\u00eame niveau que le sentier de marche, \u00e0 600 mm de celui-ci afin d\u2019\u00eatre dans le rayon de d\u00e9tection d\u2019une canne. Leur couleur doit contraster avec le milieu environnant. Un changement tactile dans la zone contigu\u00eb peut indiquer aux pi\u00e9tons qu\u2019ils se trouvent non loin d\u2019un banc.<\/p>\n<p>Les bancs doivent \u00eatre situ\u00e9s de mani\u00e8re \u00e0 ce qu\u2019un chien-guide ait assez d\u2019espace pour se coucher \u00e0 c\u00f4t\u00e9 de son ma\u00eetre. S\u2019il faut placer un banc \u00e0 moins de 600 mm d\u2019un sentier de marche, il faut laisser en arri\u00e8re ou pr\u00e8s de celui-ci un espace assez grand pour qu\u2019un chien-guide puisse s\u2019y reposer. Un propri\u00e9taire de chien-guide doit pouvoir garder son chien hors d\u2019une voie publique et le prot\u00e9ger des v\u00e9los ou des autres pi\u00e9tons.<\/p>\n","protected":false},"excerpt":{"rendered":"<p>Les bancs doivent \u00eatre install\u00e9s au m\u00eame niveau que le sentier de marche, \u00e0 600 mm de celui-ci afin d\u2019\u00eatre dans le rayon de d\u00e9tection d\u2019une canne. Leur couleur doit contraster avec le milieu environnant. Un changement tactile dans la zone contigu\u00eb peut indiquer aux [&hellip;]<\/p>\n","protected":false},"author":3,"featured_media":0,"parent":885,"menu_order":1,"comment_status":"closed","ping_status":"closed","template":"","meta":{"_monsterinsights_skip_tracking":false,"_monsterinsights_sitenote_active":false,"_monsterinsights_sitenote_note":"","_monsterinsights_sitenote_category":0,"footnotes":""},"class_list":["post-1067","page","type-page","status-publish","hentry"],"_links":{"self":[{"href":"https:\/\/clearingourpath.ca\/index.php\/wp-json\/wp\/v2\/pages\/1067","targetHints":{"allow":["GET"]}}],"collection":[{"href":"https:\/\/clearingourpath.ca\/index.php\/wp-json\/wp\/v2\/pages"}],"about":[{"href":"https:\/\/clearingourpath.ca\/index.php\/wp-json\/wp\/v2\/types\/page"}],"author":[{"embeddable":true,"href":"https:\/\/clearingourpath.ca\/index.php\/wp-json\/wp\/v2\/users\/3"}],"replies":[{"embeddable":true,"href":"https:\/\/clearingourpath.ca\/index.php\/wp-json\/wp\/v2\/comments?post=1067"}],"version-history":[{"count":1,"href":"https:\/\/clearingourpath.ca\/index.php\/wp-json\/wp\/v2\/pages\/1067\/revisions"}],"predecessor-version":[{"id":1068,"href":"https:\/\/clearingourpath.ca\/index.php\/wp-json\/wp\/v2\/pages\/1067\/revisions\/1068"}],"up":[{"embeddable":true,"href":"https:\/\/clearingourpath.ca\/index.php\/wp-json\/wp\/v2\/pages\/885"}],"wp:attachment":[{"href":"https:\/\/clearingourpath.ca\/index.php\/wp-json\/wp\/v2\/media?parent=1067"}],"curies":[{"name":"wp","href":"https:\/\/api.w.org\/{rel}","templated":true}]}}