{"id":1129,"date":"2022-10-25T15:26:08","date_gmt":"2022-10-25T15:26:08","guid":{"rendered":"https:\/\/clearingourpath.ca\/?page_id=1129"},"modified":"2022-10-25T15:26:08","modified_gmt":"2022-10-25T15:26:08","slug":"aires-dattente","status":"publish","type":"page","link":"https:\/\/clearingourpath.ca\/index.php\/language\/fr\/exigences-generales-de-design\/elements-de-design-interieur\/circulation-interieure\/aires-dattente\/","title":{"rendered":"Aires d\u2019attente"},"content":{"rendered":"<p>Les aires d\u2019attente doivent \u00eatre \u00e0 l\u2019\u00e9cart de la voie principale de d\u00e9placement. Elles ne doivent pas \u00eatre am\u00e9nag\u00e9es au centre de vastes espaces ouverts comme les halls d\u2019h\u00f4tel ou les centres commerciaux. Des \u00e9l\u00e9ments de signalisation et de design (p. ex., rev\u00eatement de sol textur\u00e9 sur toute la largeur de la voie principale de d\u00e9placement) et un contraste de couleur peuvent mettre en \u00e9vidence l\u2019emplacement d\u2019une aire d\u2019attente.<\/p>\n<p>Dans chaque aire d\u2019attente, il doit y avoir un espace libre de 920 x 1200 mm \u00e0 c\u00f4t\u00e9 d\u2019au moins une place assise, hors de la voie de d\u00e9placement, pour une personne accompagn\u00e9e d\u2019un chien-guide. Toutes les voies de d\u00e9placement dans une aire d\u2019attente doivent mesurer au moins 1200 mm de large pour permettre le passage de personnes qui utilisent un chien-guide ou une longue canne. Les voies de d\u00e9placement tortueuses sont \u00e0 \u00e9viter pr\u00e8s des aires d\u2019attente, car elles pourraient d\u00e9sorienter les personnes aveugles.<\/p>\n","protected":false},"excerpt":{"rendered":"<p>Les aires d\u2019attente doivent \u00eatre \u00e0 l\u2019\u00e9cart de la voie principale de d\u00e9placement. Elles ne doivent pas \u00eatre am\u00e9nag\u00e9es au centre de vastes espaces ouverts comme les halls d\u2019h\u00f4tel ou les centres commerciaux. Des \u00e9l\u00e9ments de signalisation et de design (p. ex., rev\u00eatement de sol [&hellip;]<\/p>\n","protected":false},"author":3,"featured_media":0,"parent":1117,"menu_order":2,"comment_status":"closed","ping_status":"closed","template":"","meta":{"_monsterinsights_skip_tracking":false,"_monsterinsights_sitenote_active":false,"_monsterinsights_sitenote_note":"","_monsterinsights_sitenote_category":0,"footnotes":""},"class_list":["post-1129","page","type-page","status-publish","hentry"],"_links":{"self":[{"href":"https:\/\/clearingourpath.ca\/index.php\/wp-json\/wp\/v2\/pages\/1129","targetHints":{"allow":["GET"]}}],"collection":[{"href":"https:\/\/clearingourpath.ca\/index.php\/wp-json\/wp\/v2\/pages"}],"about":[{"href":"https:\/\/clearingourpath.ca\/index.php\/wp-json\/wp\/v2\/types\/page"}],"author":[{"embeddable":true,"href":"https:\/\/clearingourpath.ca\/index.php\/wp-json\/wp\/v2\/users\/3"}],"replies":[{"embeddable":true,"href":"https:\/\/clearingourpath.ca\/index.php\/wp-json\/wp\/v2\/comments?post=1129"}],"version-history":[{"count":1,"href":"https:\/\/clearingourpath.ca\/index.php\/wp-json\/wp\/v2\/pages\/1129\/revisions"}],"predecessor-version":[{"id":1130,"href":"https:\/\/clearingourpath.ca\/index.php\/wp-json\/wp\/v2\/pages\/1129\/revisions\/1130"}],"up":[{"embeddable":true,"href":"https:\/\/clearingourpath.ca\/index.php\/wp-json\/wp\/v2\/pages\/1117"}],"wp:attachment":[{"href":"https:\/\/clearingourpath.ca\/index.php\/wp-json\/wp\/v2\/media?parent=1129"}],"curies":[{"name":"wp","href":"https:\/\/api.w.org\/{rel}","templated":true}]}}