{"id":1145,"date":"2022-10-25T15:31:23","date_gmt":"2022-10-25T15:31:23","guid":{"rendered":"https:\/\/clearingourpath.ca\/?page_id=1145"},"modified":"2022-10-25T15:31:23","modified_gmt":"2022-10-25T15:31:23","slug":"marches-et-contremarches","status":"publish","type":"page","link":"https:\/\/clearingourpath.ca\/index.php\/language\/fr\/exigences-generales-de-design\/elements-de-design-interieur\/escaliers-mecaniques-et-trottoirs-mecaniques\/marches-et-contremarches\/","title":{"rendered":"Marches et contremarches"},"content":{"rendered":"<figure id=\"attachment_356\" aria-describedby=\"caption-attachment-356\" style=\"width: 466px\" class=\"wp-caption alignright\"><img loading=\"lazy\" decoding=\"async\" class=\"wp-image-356 \" src=\"https:\/\/clearingourpath.ca\/wp-content\/uploads\/2022\/08\/fig5-8-1.jpg\" alt=\"Exemple d\u2019escalier m\u00e9canique \u00e0 bon contraste de couleur\" width=\"466\" height=\"301\" srcset=\"https:\/\/clearingourpath.ca\/wp-content\/uploads\/2022\/08\/fig5-8-1.jpg 542w, https:\/\/clearingourpath.ca\/wp-content\/uploads\/2022\/08\/fig5-8-1-300x194.jpg 300w\" sizes=\"auto, (max-width: 466px) 100vw, 466px\" \/><figcaption id=\"caption-attachment-356\" class=\"wp-caption-text\">Exemple d\u2019escalier m\u00e9canique \u00e0 bon contraste de couleur<\/figcaption><\/figure>\n<p>Le dessus des marches (bords horizontaux et verticaux) d\u2019un escalier m\u00e9canique doit \u00eatre marqu\u00e9, sur toute la largeur de celles-ci, de bandes \u00e0 contraste de couleur et de luminosit\u00e9 d\u2019une profondeur maximale de 50 mm.<\/p>\n","protected":false},"excerpt":{"rendered":"<p>Le dessus des marches (bords horizontaux et verticaux) d\u2019un escalier m\u00e9canique doit \u00eatre marqu\u00e9, sur toute la largeur de celles-ci, de bandes \u00e0 contraste de couleur et de luminosit\u00e9 d\u2019une profondeur maximale de 50 mm.<\/p>\n","protected":false},"author":3,"featured_media":0,"parent":717,"menu_order":1,"comment_status":"closed","ping_status":"closed","template":"","meta":{"_monsterinsights_skip_tracking":false,"_monsterinsights_sitenote_active":false,"_monsterinsights_sitenote_note":"","_monsterinsights_sitenote_category":0,"footnotes":""},"class_list":["post-1145","page","type-page","status-publish","hentry"],"_links":{"self":[{"href":"https:\/\/clearingourpath.ca\/index.php\/wp-json\/wp\/v2\/pages\/1145","targetHints":{"allow":["GET"]}}],"collection":[{"href":"https:\/\/clearingourpath.ca\/index.php\/wp-json\/wp\/v2\/pages"}],"about":[{"href":"https:\/\/clearingourpath.ca\/index.php\/wp-json\/wp\/v2\/types\/page"}],"author":[{"embeddable":true,"href":"https:\/\/clearingourpath.ca\/index.php\/wp-json\/wp\/v2\/users\/3"}],"replies":[{"embeddable":true,"href":"https:\/\/clearingourpath.ca\/index.php\/wp-json\/wp\/v2\/comments?post=1145"}],"version-history":[{"count":1,"href":"https:\/\/clearingourpath.ca\/index.php\/wp-json\/wp\/v2\/pages\/1145\/revisions"}],"predecessor-version":[{"id":1146,"href":"https:\/\/clearingourpath.ca\/index.php\/wp-json\/wp\/v2\/pages\/1145\/revisions\/1146"}],"up":[{"embeddable":true,"href":"https:\/\/clearingourpath.ca\/index.php\/wp-json\/wp\/v2\/pages\/717"}],"wp:attachment":[{"href":"https:\/\/clearingourpath.ca\/index.php\/wp-json\/wp\/v2\/media?parent=1145"}],"curies":[{"name":"wp","href":"https:\/\/api.w.org\/{rel}","templated":true}]}}