{"id":1194,"date":"2022-10-25T15:47:06","date_gmt":"2022-10-25T15:47:06","guid":{"rendered":"https:\/\/clearingourpath.ca\/?page_id=1194"},"modified":"2022-10-25T15:47:06","modified_gmt":"2022-10-25T15:47:06","slug":"nouvelles-technologies-dascenseur","status":"publish","type":"page","link":"https:\/\/clearingourpath.ca\/index.php\/language\/fr\/exigences-generales-de-design\/elements-de-design-interieur\/ascenseurs\/nouvelles-technologies-dascenseur\/","title":{"rendered":"Nouvelles technologies d\u2019ascenseur"},"content":{"rendered":"<p>Comme les technologies d\u2019ascenseur ne cessent d\u2019\u00e9voluer, il est important que les concepteurs et les r\u00e9dacteurs de descriptif en examinent la facilit\u00e9 d\u2019utilisation pour les personnes touch\u00e9es par la c\u00e9cit\u00e9. L\u2019\u00e9tude de l\u2019accessibilit\u00e9 des nouvelles technologies doit faire partie int\u00e9grante de l\u2019\u00e9valuation des produits et du processus d\u2019\u00e9tablissement des sp\u00e9cifications.<\/p>\n<p>Par exemple, les premiers ascenseurs \u00e0 r\u00e9partition par destination, une technologie d\u2019ascenseur lanc\u00e9e r\u00e9cemment, ont \u00e9t\u00e9 particuli\u00e8rement difficiles pour les personnes touch\u00e9es par la c\u00e9cit\u00e9.<\/p>\n<p>Les ascenseurs \u00e0 r\u00e9partition par destination fonctionnent au moyen de pav\u00e9s num\u00e9riques de type t\u00e9l\u00e9phone ou d\u2019\u00e9crans tactiles \u00e9lectroniques install\u00e9s \u00e0 chaque \u00e9tage, avec lesquels les utilisateurs indiquent l\u2019\u00e9tage o\u00f9 ils veulent aller. Une fois que l\u2019\u00e9tage de destination est entr\u00e9, la cabine d\u2019ascenseur \u00e0 utiliser s\u2019affiche visuellement. Lorsque l\u2019ascenseur arrive, l\u2019\u00e9tage de destination est pr\u00e9d\u00e9termin\u00e9 et l\u2019utilisateur n\u2019a qu\u2019\u00e0 prendre place dans la cabine.<\/p>\n<p>\u00c0 moins qu\u2019un tel syst\u00e8me ne soit dot\u00e9 de dispositifs appropri\u00e9s, les personnes touch\u00e9es par la c\u00e9cit\u00e9 auront du mal \u00e0 entrer leur \u00e9tage de destination et \u00e0 savoir quel ascenseur utiliser et comment y acc\u00e9der. C\u2019est pourquoi les \u00e9l\u00e9ments de design suivants doivent \u00eatre int\u00e9gr\u00e9s aux syst\u00e8mes d\u2019ascenseurs \u00e0 r\u00e9partition par destination :<\/p>\n<ul>\n<li>bouton-poussoir d\u2019activation d\u2019indications sonores;<\/li>\n<li>indications sonores tout au long du processus d\u2019entr\u00e9e de l\u2019\u00e9tage de destination;<\/li>\n<li>apr\u00e8s l\u2019entr\u00e9e de l\u2019\u00e9tage de destination, indications sonores qui guident l\u2019utilisateur vers l\u2019ascenseur qui le conduira \u00e0 cet \u00e9tage;<\/li>\n<li>carte tactile indiquant le plan du vestibule d\u2019ascenseur et l\u2019emplacement des ascenseurs;<\/li>\n<li>panneaux indicateurs tactiles d\u00e9signant clairement chaque ascenseur.<\/li>\n<\/ul>\n<p>Le clip sonore suivant illustre le message qui doit \u00eatre fourni dans un ascenseur \u00e0 r\u00e9partition par destination.<\/p>\n<div style=\"width: 640px;\" class=\"wp-video\"><video class=\"wp-video-shortcode\" id=\"video-1194-1\" width=\"640\" height=\"360\" preload=\"metadata\" controls=\"controls\"><source type=\"video\/mp4\" src=\"https:\/\/clearingourpath.ca\/wp-content\/uploads\/2022\/08\/lobby-keypad.mp4?_=1\" \/><a href=\"https:\/\/clearingourpath.ca\/wp-content\/uploads\/2022\/08\/lobby-keypad.mp4\">https:\/\/clearingourpath.ca\/wp-content\/uploads\/2022\/08\/lobby-keypad.mp4<\/a><\/video><\/div>\n<p>Notez la num\u00e9rotation tactile sur le clavier ainsi que le bouton allong\u00e9 en bas.<\/p>\n","protected":false},"excerpt":{"rendered":"<p>Comme les technologies d\u2019ascenseur ne cessent d\u2019\u00e9voluer, il est important que les concepteurs et les r\u00e9dacteurs de descriptif en examinent la facilit\u00e9 d\u2019utilisation pour les personnes touch\u00e9es par la c\u00e9cit\u00e9. L\u2019\u00e9tude de l\u2019accessibilit\u00e9 des nouvelles technologies doit faire partie int\u00e9grante de l\u2019\u00e9valuation des produits et [&hellip;]<\/p>\n","protected":false},"author":3,"featured_media":0,"parent":1172,"menu_order":5,"comment_status":"closed","ping_status":"closed","template":"","meta":{"_monsterinsights_skip_tracking":false,"_monsterinsights_sitenote_active":false,"_monsterinsights_sitenote_note":"","_monsterinsights_sitenote_category":0,"footnotes":""},"class_list":["post-1194","page","type-page","status-publish","hentry"],"_links":{"self":[{"href":"https:\/\/clearingourpath.ca\/index.php\/wp-json\/wp\/v2\/pages\/1194","targetHints":{"allow":["GET"]}}],"collection":[{"href":"https:\/\/clearingourpath.ca\/index.php\/wp-json\/wp\/v2\/pages"}],"about":[{"href":"https:\/\/clearingourpath.ca\/index.php\/wp-json\/wp\/v2\/types\/page"}],"author":[{"embeddable":true,"href":"https:\/\/clearingourpath.ca\/index.php\/wp-json\/wp\/v2\/users\/3"}],"replies":[{"embeddable":true,"href":"https:\/\/clearingourpath.ca\/index.php\/wp-json\/wp\/v2\/comments?post=1194"}],"version-history":[{"count":1,"href":"https:\/\/clearingourpath.ca\/index.php\/wp-json\/wp\/v2\/pages\/1194\/revisions"}],"predecessor-version":[{"id":1195,"href":"https:\/\/clearingourpath.ca\/index.php\/wp-json\/wp\/v2\/pages\/1194\/revisions\/1195"}],"up":[{"embeddable":true,"href":"https:\/\/clearingourpath.ca\/index.php\/wp-json\/wp\/v2\/pages\/1172"}],"wp:attachment":[{"href":"https:\/\/clearingourpath.ca\/index.php\/wp-json\/wp\/v2\/media?parent=1194"}],"curies":[{"name":"wp","href":"https:\/\/api.w.org\/{rel}","templated":true}]}}