{"id":151,"date":"2022-08-11T13:43:47","date_gmt":"2022-08-11T13:43:47","guid":{"rendered":"https:\/\/clearingourpath.ca\/?page_id=151"},"modified":"2025-01-09T17:12:30","modified_gmt":"2025-01-09T20:12:30","slug":"en-bref","status":"publish","type":"page","link":"https:\/\/clearingourpath.ca\/index.php\/language\/fr\/en-bref\/","title":{"rendered":"En bref"},"content":{"rendered":"<p>INCA entend \u00eatre le d\u00e9fenseur des environnements totalement accessibles pour les personnes vivant avec une perte de vision. L\u2019\u00e9galit\u00e9 des droits pour tous les Canadiens, ayant ou non une incapacit\u00e9, est garantie par la Charte canadienne des droits et libert\u00e9s et va dans le sens de la Convention des Nations Unies relative aux droits des personnes en situation de handicap. Au Canada comme ailleurs dans le monde, les gouvernements adoptent des lois novatrices sur les droits des personnes en situation de handicap. Nous atteignons en outre des niveaux in\u00e9dits de sensibilisation sociale. Nous croyons que les services et les espaces publics qui ne sont pas accessibles aux personnes vivant avec une incapacit\u00e9 ne peuvent \u00eatre qualifi\u00e9s de \u00ab\u00a0publics\u00a0\u00bb.<\/p>\n<p>La conception architecturale doit comprendre des \u00e9l\u00e9ments qui facilitent l\u2019utilisation s\u00e9curitaire d&#8217;un espace ou les d\u00e9placements autonomes. Nombreuses sont les solutions simples et non co\u00fbteuses qui tiennent compte des besoins des personnes vivant avec une perte de vision et qui, en v\u00e9rit\u00e9, profitent \u00e0 tous les utilisateurs. Ces solutions peuvent non seulement rendre les espaces accessibles \u00e0 tous, elles peuvent aussi contribuer \u00e0 les embellir, car l\u2019int\u00e9gration des principes de design universel peut se traduire par des immeubles tr\u00e8s esth\u00e9tiques. La mise en \u0153uvre de ces solutions exige surtout l\u2019application de techniques simples afin que l\u2019information sur un environnement donn\u00e9 devienne disponible d\u2019une fa\u00e7on accessible. Pour en savoir davantage sur les sept principes sous-tendant <a href=\"http:\/\/www.ncsu.edu\/ncsu\/design\/cud\/about_ud\/about_ud.htm\">le design universel<\/a>, visitez le site University of North Carolina\u2019s Center for Universal Design.<\/p>\n<p>Les recommandations formul\u00e9es dans le pr\u00e9sent document sont ax\u00e9es avant tout sur les besoins des personnes vivant avec une perte de vision, y compris des personnes sourdes-aveugles. M\u00eame si certaines exigences techniques couvrent les besoins des personnes ayant d\u2019autres incapacit\u00e9s, il importe de souligner qu\u2019\u00ab\u00a0\u00c9liminons les barri\u00e8res architecturales\u00a0\u00bb ne se veut pas une ressource exhaustive sur les besoins en accessibilit\u00e9 de toutes les personnes en situation de handicap.<\/p>\n<p>Il y a \u00e9galement lieu de signaler que certaines provinces et municipalit\u00e9s peuvent avoir adopt\u00e9 des lois ou des r\u00e8glements portant sur les m\u00eames crit\u00e8res techniques que ceux qui sont pr\u00e9sent\u00e9s dans le document. Si tel est le cas, les architectes et les autres concepteurs sont encourag\u00e9s \u00e0 choisir les crit\u00e8res qui maximisent l\u2019accessibilit\u00e9 pour les personnes vivant avec une perte de vision, sans jamais toutefois appliquer des crit\u00e8res inf\u00e9rieurs \u00e0 ceux adopt\u00e9s par les autorit\u00e9s locales.<\/p>\n","protected":false},"excerpt":{"rendered":"<p>INCA entend \u00eatre le d\u00e9fenseur des environnements totalement accessibles pour les personnes vivant avec une perte de vision. L\u2019\u00e9galit\u00e9 des droits pour tous les Canadiens, ayant ou non une incapacit\u00e9, est garantie par la Charte canadienne des droits et libert\u00e9s et va dans le sens [&hellip;]<\/p>\n","protected":false},"author":3,"featured_media":0,"parent":0,"menu_order":0,"comment_status":"closed","ping_status":"closed","template":"","meta":{"_monsterinsights_skip_tracking":false,"_monsterinsights_sitenote_active":false,"_monsterinsights_sitenote_note":"","_monsterinsights_sitenote_category":0,"footnotes":""},"class_list":["post-151","page","type-page","status-publish","hentry"],"_links":{"self":[{"href":"https:\/\/clearingourpath.ca\/index.php\/wp-json\/wp\/v2\/pages\/151","targetHints":{"allow":["GET"]}}],"collection":[{"href":"https:\/\/clearingourpath.ca\/index.php\/wp-json\/wp\/v2\/pages"}],"about":[{"href":"https:\/\/clearingourpath.ca\/index.php\/wp-json\/wp\/v2\/types\/page"}],"author":[{"embeddable":true,"href":"https:\/\/clearingourpath.ca\/index.php\/wp-json\/wp\/v2\/users\/3"}],"replies":[{"embeddable":true,"href":"https:\/\/clearingourpath.ca\/index.php\/wp-json\/wp\/v2\/comments?post=151"}],"version-history":[{"count":4,"href":"https:\/\/clearingourpath.ca\/index.php\/wp-json\/wp\/v2\/pages\/151\/revisions"}],"predecessor-version":[{"id":1890,"href":"https:\/\/clearingourpath.ca\/index.php\/wp-json\/wp\/v2\/pages\/151\/revisions\/1890"}],"wp:attachment":[{"href":"https:\/\/clearingourpath.ca\/index.php\/wp-json\/wp\/v2\/media?parent=151"}],"curies":[{"name":"wp","href":"https:\/\/api.w.org\/{rel}","templated":true}]}}