{"id":157,"date":"2022-08-11T13:47:20","date_gmt":"2022-08-11T13:47:20","guid":{"rendered":"https:\/\/clearingourpath.ca\/?page_id=157"},"modified":"2022-08-11T13:51:48","modified_gmt":"2022-08-11T13:51:48","slug":"157-2","status":"publish","type":"page","link":"https:\/\/clearingourpath.ca\/index.php\/language\/fr\/en-bref\/157-2\/","title":{"rendered":"Historique du projet"},"content":{"rendered":"<figure id=\"attachment_158\" aria-describedby=\"caption-attachment-158\" style=\"width: 222px\" class=\"wp-caption alignright\"><img loading=\"lazy\" decoding=\"async\" class=\"size-medium wp-image-158\" src=\"https:\/\/clearingourpath.ca\/wp-content\/uploads\/2022\/08\/fig0-3-1_f-222x300.jpg\" alt=\"Version originale du document \u00c9liminons les barri\u00e8res architecturales\" width=\"222\" height=\"300\" srcset=\"https:\/\/clearingourpath.ca\/wp-content\/uploads\/2022\/08\/fig0-3-1_f-222x300.jpg 222w, https:\/\/clearingourpath.ca\/wp-content\/uploads\/2022\/08\/fig0-3-1_f.jpg 293w\" sizes=\"auto, (max-width: 222px) 100vw, 222px\" \/><figcaption id=\"caption-attachment-158\" class=\"wp-caption-text\">Version originale du document \u00c9liminons les barri\u00e8res architecturales<\/figcaption><\/figure>\n<p>La Fondation <abbr>INCA<\/abbr> a \u00e9labor\u00e9 la premi\u00e8re \u00e9dition imprim\u00e9e d\u2019\u00ab\u00a0\u00c9liminons les barri\u00e8res architecturales\u00a0\u00bb en 1999 pour r\u00e9pondre au besoin de renseignements sur la cr\u00e9ation d\u2019environnements accessibles pour les personnes touch\u00e9es par la c\u00e9cit\u00e9. Les lignes directrices recommand\u00e9es par <abbr>INCA<\/abbr> \u00e9taient le r\u00e9sultat de 20 ann\u00e9es de savoir-faire en design universel au Canada, de m\u00eame que l\u2019aboutissement de notre long parcours, remontant \u00e0 1918, \u00e0 titre de seul organisme national offrant avec passion un soutien communautaire, des renseignements et une repr\u00e9sentation nationale aux Canadiens aveugles ou ayant une vision partielle afin de s\u2019assurer qu\u2019ils ont la confiance, les comp\u00e9tences et les possibilit\u00e9s qui leur permettent de se r\u00e9aliser pleinement dans la soci\u00e9t\u00e9. Depuis sa premi\u00e8re parution, \u00ab\u00a0\u00c9liminons les barri\u00e8res architecturales\u00a0\u00bb est devenu un outil indispensable pour les architectes, les concepteurs, les propri\u00e9taires d\u2019immeubles, les urbanistes, les organismes de normalisation et les autres parties concern\u00e9es qui cherchent \u00e0 rendre les milieux int\u00e9rieurs et ext\u00e9rieurs accessibles \u00e0 tous.<\/p>\n<p>La deuxi\u00e8me \u00e9dition du document contient des renseignements \u00e0 jour fond\u00e9s sur de nouvelles recherches, de nouvelles normes internationales, de nouvelles technologies et les principes de design universel. Elle tient compte aussi des changements apport\u00e9s au Code national du b\u00e2timent du Canada et aux diverses normes de l\u2019Association canadienne de normalisation ainsi que des pratiques exemplaires provenant du monde entier.<\/p>\n<p>L\u2019\u00e9dition de 2016 d\u2019\u00ab\u00a0\u00c9liminons les barri\u00e8res architecturales\u00a0\u00bb est offerte en ligne pour la premi\u00e8re fois. En rendant public ce savoir-faire, nous esp\u00e9rons que l\u2019environnement b\u00e2ti deviendra plus accessible pour tous.<\/p>\n","protected":false},"excerpt":{"rendered":"<p>La Fondation INCA a \u00e9labor\u00e9 la premi\u00e8re \u00e9dition imprim\u00e9e d\u2019\u00ab\u00a0\u00c9liminons les barri\u00e8res architecturales\u00a0\u00bb en 1999 pour r\u00e9pondre au besoin de renseignements sur la cr\u00e9ation d\u2019environnements accessibles pour les personnes touch\u00e9es par la c\u00e9cit\u00e9. Les lignes directrices recommand\u00e9es par INCA \u00e9taient le r\u00e9sultat de 20 ann\u00e9es [&hellip;]<\/p>\n","protected":false},"author":3,"featured_media":0,"parent":151,"menu_order":0,"comment_status":"closed","ping_status":"closed","template":"","meta":{"_monsterinsights_skip_tracking":false,"_monsterinsights_sitenote_active":false,"_monsterinsights_sitenote_note":"","_monsterinsights_sitenote_category":0,"footnotes":""},"class_list":["post-157","page","type-page","status-publish","hentry"],"_links":{"self":[{"href":"https:\/\/clearingourpath.ca\/index.php\/wp-json\/wp\/v2\/pages\/157","targetHints":{"allow":["GET"]}}],"collection":[{"href":"https:\/\/clearingourpath.ca\/index.php\/wp-json\/wp\/v2\/pages"}],"about":[{"href":"https:\/\/clearingourpath.ca\/index.php\/wp-json\/wp\/v2\/types\/page"}],"author":[{"embeddable":true,"href":"https:\/\/clearingourpath.ca\/index.php\/wp-json\/wp\/v2\/users\/3"}],"replies":[{"embeddable":true,"href":"https:\/\/clearingourpath.ca\/index.php\/wp-json\/wp\/v2\/comments?post=157"}],"version-history":[{"count":2,"href":"https:\/\/clearingourpath.ca\/index.php\/wp-json\/wp\/v2\/pages\/157\/revisions"}],"predecessor-version":[{"id":161,"href":"https:\/\/clearingourpath.ca\/index.php\/wp-json\/wp\/v2\/pages\/157\/revisions\/161"}],"up":[{"embeddable":true,"href":"https:\/\/clearingourpath.ca\/index.php\/wp-json\/wp\/v2\/pages\/151"}],"wp:attachment":[{"href":"https:\/\/clearingourpath.ca\/index.php\/wp-json\/wp\/v2\/media?parent=157"}],"curies":[{"name":"wp","href":"https:\/\/api.w.org\/{rel}","templated":true}]}}