{"id":372,"date":"2022-08-23T15:11:38","date_gmt":"2022-08-23T15:11:38","guid":{"rendered":"https:\/\/clearingourpath.ca\/?page_id=372"},"modified":"2022-08-23T15:33:18","modified_gmt":"2022-08-23T15:33:18","slug":"maladies-oculaires-courantes","status":"publish","type":"page","link":"https:\/\/clearingourpath.ca\/index.php\/language\/fr\/notions-de-base-sur-la-cecite\/maladies-oculaires-courantes\/","title":{"rendered":"Maladies oculaires courantes"},"content":{"rendered":"<p>Les maladies oculaires existent sous bien des formes. Chacune modifie la vision d\u2019une mani\u00e8re unique, de sorte que l\u2019environnement b\u00e2ti doit \u00eatre adapt\u00e9 \u00c0 une multitude de besoins particuliers. En g\u00e9n\u00e9ral, les personnes ayant une vision centrale limit\u00e9e ont plus de mal \u00c0 lire les panneaux indicateurs et \u00c0 interpr\u00e9ter les feux de circulation qu\u2019\u00c0 se d\u00e9placer dans l\u2019environnement b\u00e2ti. Celles qui ont une vision p\u00e9riph\u00e9rique limit\u00e9e et une bonne vision centrale sont capables de lire (p. ex., signalisation), mais ont plus de probl\u00e8mes \u00c0 traverser un espace.<\/p>\n<p>La plupart des personnes touch\u00e9es par la c\u00e9cit\u00e9 (9 sur 10) ne sont pas totalement \u00ab\u00a0aveugles\u00a0\u00bb et conservent un certain degr\u00e9 de vision, qui va de la perception de la lumi\u00e8re \u00c0 une certaine vision partielle utilisable. Les personnes touch\u00e9es par la c\u00e9cit\u00e9 apprennent habituellement \u00c0 maximiser leur vision r\u00e9siduelle pour se d\u00e9placer dans l\u2019environnement b\u00e2ti.<\/p>\n<p>Voici quelques-unes des principales maladies oculaires courantes qui alt\u00e8rent la vue\u00a0:<\/p>\n<ul>\n<li><a href=\"https:\/\/clearingourpath.ca\/index.php\/fr\/notions-de-base-sur-la-cecite\/maladies-oculaires-courantes\/perte-de-vision-peripherique\/\">Perte de vision p\u00e9riph\u00e9rique<\/a><\/li>\n<li><a href=\"https:\/\/clearingourpath.ca\/index.php\/fr\/notions-de-base-sur-la-cecite\/maladies-oculaires-courantes\/perte-de-vision-centrale\/\">Perte de vision centrale<\/a><\/li>\n<li><a href=\"https:\/\/clearingourpath.ca\/index.php\/fr\/notions-de-base-sur-la-cecite\/maladies-oculaires-courantes\/vision-trouble\/\">Vision trouble<\/a><\/li>\n<li><a href=\"https:\/\/clearingourpath.ca\/index.php\/fr\/notions-de-base-sur-la-cecite\/maladies-oculaires-courantes\/cecite-nocturne\/\">C\u00e9cit\u00e9 nocturne<\/a><\/li>\n<li><a href=\"https:\/\/clearingourpath.ca\/index.php\/fr\/notions-de-base-sur-la-cecite\/maladies-oculaires-courantes\/retinopathie-diabetique\/\">R\u00e9tinopathie diab\u00e9tique<\/a><\/li>\n<li><a href=\"https:\/\/clearingourpath.ca\/index.php\/fr\/notions-de-base-sur-la-cecite\/maladies-oculaires-courantes\/dialtonisme\/\">Dialtonisme<\/a><\/li>\n<li><a href=\"https:\/\/clearingourpath.ca\/index.php\/fr\/notions-de-base-sur-la-cecite\/maladies-oculaires-courantes\/sensibilite-a-leblouissement\/\">Sensibilit\u00e9 \u00c0 l\u2019\u00e9blouissement<\/a><\/li>\n<li><a href=\"https:\/\/clearingourpath.ca\/index.php\/fr\/notions-de-base-sur-la-cecite\/maladies-oculaires-courantes\/cecite-totale\/\">C\u00e9cit\u00e9 totale<\/a><\/li>\n<li><a href=\"https:\/\/clearingourpath.ca\/index.php\/fr\/notions-de-base-sur-la-cecite\/maladies-oculaires-courantes\/surdicecite\/\">Surdic\u00e9cit\u00e9<\/a><\/li>\n<\/ul>\n","protected":false},"excerpt":{"rendered":"<p>Les maladies oculaires existent sous bien des formes. Chacune modifie la vision d\u2019une mani\u00e8re unique, de sorte que l\u2019environnement b\u00e2ti doit \u00eatre adapt\u00e9 \u00c0 une multitude de besoins particuliers. En g\u00e9n\u00e9ral, les personnes ayant une vision centrale limit\u00e9e ont plus de mal \u00c0 lire les [&hellip;]<\/p>\n","protected":false},"author":3,"featured_media":0,"parent":374,"menu_order":0,"comment_status":"closed","ping_status":"closed","template":"","meta":{"_monsterinsights_skip_tracking":false,"_monsterinsights_sitenote_active":false,"_monsterinsights_sitenote_note":"","_monsterinsights_sitenote_category":0,"footnotes":""},"class_list":["post-372","page","type-page","status-publish","hentry"],"_links":{"self":[{"href":"https:\/\/clearingourpath.ca\/index.php\/wp-json\/wp\/v2\/pages\/372","targetHints":{"allow":["GET"]}}],"collection":[{"href":"https:\/\/clearingourpath.ca\/index.php\/wp-json\/wp\/v2\/pages"}],"about":[{"href":"https:\/\/clearingourpath.ca\/index.php\/wp-json\/wp\/v2\/types\/page"}],"author":[{"embeddable":true,"href":"https:\/\/clearingourpath.ca\/index.php\/wp-json\/wp\/v2\/users\/3"}],"replies":[{"embeddable":true,"href":"https:\/\/clearingourpath.ca\/index.php\/wp-json\/wp\/v2\/comments?post=372"}],"version-history":[{"count":2,"href":"https:\/\/clearingourpath.ca\/index.php\/wp-json\/wp\/v2\/pages\/372\/revisions"}],"predecessor-version":[{"id":413,"href":"https:\/\/clearingourpath.ca\/index.php\/wp-json\/wp\/v2\/pages\/372\/revisions\/413"}],"up":[{"embeddable":true,"href":"https:\/\/clearingourpath.ca\/index.php\/wp-json\/wp\/v2\/pages\/374"}],"wp:attachment":[{"href":"https:\/\/clearingourpath.ca\/index.php\/wp-json\/wp\/v2\/media?parent=372"}],"curies":[{"name":"wp","href":"https:\/\/api.w.org\/{rel}","templated":true}]}}