{"id":388,"date":"2022-08-23T15:26:06","date_gmt":"2022-08-23T15:26:06","guid":{"rendered":"https:\/\/clearingourpath.ca\/?page_id=388"},"modified":"2023-08-09T11:46:32","modified_gmt":"2023-08-09T14:46:32","slug":"cecite-nocturne","status":"publish","type":"page","link":"https:\/\/clearingourpath.ca\/index.php\/language\/fr\/notions-de-base-sur-la-cecite\/maladies-oculaires-courantes\/cecite-nocturne\/","title":{"rendered":"C\u00e9cit\u00e9 nocturne"},"content":{"rendered":"<p>La c\u00e9cit\u00e9 nocturne est souvent le premier sympt\u00f4me de la r\u00e9tinite pigmentaire et est fr\u00e9quente chez les adultes plus \u00e2g\u00e9s.<\/p>\n","protected":false},"excerpt":{"rendered":"<p>La c\u00e9cit\u00e9 nocturne est souvent le premier sympt\u00f4me de la r\u00e9tinite pigmentaire et est fr\u00e9quente chez les adultes plus \u00e2g\u00e9s.<\/p>\n","protected":false},"author":3,"featured_media":0,"parent":372,"menu_order":3,"comment_status":"closed","ping_status":"closed","template":"","meta":{"_monsterinsights_skip_tracking":false,"_monsterinsights_sitenote_active":false,"_monsterinsights_sitenote_note":"","_monsterinsights_sitenote_category":0,"footnotes":""},"class_list":["post-388","page","type-page","status-publish","hentry"],"_links":{"self":[{"href":"https:\/\/clearingourpath.ca\/index.php\/wp-json\/wp\/v2\/pages\/388","targetHints":{"allow":["GET"]}}],"collection":[{"href":"https:\/\/clearingourpath.ca\/index.php\/wp-json\/wp\/v2\/pages"}],"about":[{"href":"https:\/\/clearingourpath.ca\/index.php\/wp-json\/wp\/v2\/types\/page"}],"author":[{"embeddable":true,"href":"https:\/\/clearingourpath.ca\/index.php\/wp-json\/wp\/v2\/users\/3"}],"replies":[{"embeddable":true,"href":"https:\/\/clearingourpath.ca\/index.php\/wp-json\/wp\/v2\/comments?post=388"}],"version-history":[{"count":3,"href":"https:\/\/clearingourpath.ca\/index.php\/wp-json\/wp\/v2\/pages\/388\/revisions"}],"predecessor-version":[{"id":1552,"href":"https:\/\/clearingourpath.ca\/index.php\/wp-json\/wp\/v2\/pages\/388\/revisions\/1552"}],"up":[{"embeddable":true,"href":"https:\/\/clearingourpath.ca\/index.php\/wp-json\/wp\/v2\/pages\/372"}],"wp:attachment":[{"href":"https:\/\/clearingourpath.ca\/index.php\/wp-json\/wp\/v2\/media?parent=388"}],"curies":[{"name":"wp","href":"https:\/\/api.w.org\/{rel}","templated":true}]}}