{"id":513,"date":"2022-09-01T14:33:22","date_gmt":"2022-09-01T14:33:22","guid":{"rendered":"https:\/\/clearingourpath.ca\/?page_id=513"},"modified":"2023-08-09T12:04:53","modified_gmt":"2023-08-09T15:04:53","slug":"ressources-audio","status":"publish","type":"page","link":"https:\/\/clearingourpath.ca\/index.php\/language\/fr\/notions-de-base-sur-la-cecite\/lecture-et-ecriture\/ressources-audio\/","title":{"rendered":"Ressources audio"},"content":{"rendered":"<p>De nombreuses personnes vivant avec une perte de vision choisissent de \u00ab\u00a0lire\u00a0\u00bb en version sonore, soit comme principale m\u00e9thode de lecture, soit comme compl\u00e9ment \u00e0 d\u2019autres m\u00e9thodes telles que gros caract\u00e8res ou braille. La norme internationale pour l\u2019information audio destin\u00e9e aux personnes vivant avec une perte de vision et autres personnes incapables de lire les imprim\u00e9s est appel\u00e9e DAISY (\u00ab\u00a0Digital Accessible Information System\u00a0\u00bb). Le consortium DAISY, \u00e0 l\u2019instar d\u2019autres organismes, a \u00e9labor\u00e9 des modules compl\u00e9mentaires gratuits qui permettent de g\u00e9n\u00e9rer rapidement des fichiers audio enti\u00e8rement accessibles. INCA encourage les organismes \u00e0 tirer parti de cette technologie afin que plus de documents puissent \u00eatre cr\u00e9\u00e9s en m\u00e9dias substituts, y compris en format audio accessible.<\/p>\n<p>Pour de plus amples renseignements \u00e0 ce sujet, consultez daisy.org. [linkto: &#8220;http:\/\/www.daisy.org\/&#8221;].<\/p>\n","protected":false},"excerpt":{"rendered":"<p>De nombreuses personnes vivant avec une perte de vision choisissent de \u00ab\u00a0lire\u00a0\u00bb en version sonore, soit comme principale m\u00e9thode de lecture, soit comme compl\u00e9ment \u00e0 d\u2019autres m\u00e9thodes telles que gros caract\u00e8res ou braille. La norme internationale pour l\u2019information audio destin\u00e9e aux personnes vivant avec une [&hellip;]<\/p>\n","protected":false},"author":3,"featured_media":0,"parent":470,"menu_order":2,"comment_status":"closed","ping_status":"closed","template":"","meta":{"_monsterinsights_skip_tracking":false,"_monsterinsights_sitenote_active":false,"_monsterinsights_sitenote_note":"","_monsterinsights_sitenote_category":0,"footnotes":""},"class_list":["post-513","page","type-page","status-publish","hentry"],"_links":{"self":[{"href":"https:\/\/clearingourpath.ca\/index.php\/wp-json\/wp\/v2\/pages\/513","targetHints":{"allow":["GET"]}}],"collection":[{"href":"https:\/\/clearingourpath.ca\/index.php\/wp-json\/wp\/v2\/pages"}],"about":[{"href":"https:\/\/clearingourpath.ca\/index.php\/wp-json\/wp\/v2\/types\/page"}],"author":[{"embeddable":true,"href":"https:\/\/clearingourpath.ca\/index.php\/wp-json\/wp\/v2\/users\/3"}],"replies":[{"embeddable":true,"href":"https:\/\/clearingourpath.ca\/index.php\/wp-json\/wp\/v2\/comments?post=513"}],"version-history":[{"count":2,"href":"https:\/\/clearingourpath.ca\/index.php\/wp-json\/wp\/v2\/pages\/513\/revisions"}],"predecessor-version":[{"id":1530,"href":"https:\/\/clearingourpath.ca\/index.php\/wp-json\/wp\/v2\/pages\/513\/revisions\/1530"}],"up":[{"embeddable":true,"href":"https:\/\/clearingourpath.ca\/index.php\/wp-json\/wp\/v2\/pages\/470"}],"wp:attachment":[{"href":"https:\/\/clearingourpath.ca\/index.php\/wp-json\/wp\/v2\/media?parent=513"}],"curies":[{"name":"wp","href":"https:\/\/api.w.org\/{rel}","templated":true}]}}