{"id":541,"date":"2022-09-08T13:32:24","date_gmt":"2022-09-08T13:32:24","guid":{"rendered":"https:\/\/clearingourpath.ca\/?page_id=541"},"modified":"2022-09-08T18:15:13","modified_gmt":"2022-09-08T18:15:13","slug":"principes-de-base-du-design","status":"publish","type":"page","link":"https:\/\/clearingourpath.ca\/index.php\/language\/fr\/exigences-generales-de-design\/principes-de-base-du-design\/","title":{"rendered":"Principes de base du design"},"content":{"rendered":"<p>Pour cr\u00e9er des environnements b\u00e2tis qui r\u00e9pondent aux besoins des personnes touch\u00e9es par la c\u00e9cit\u00e9, les designers doivent prendre en compte quatre \u00e9l\u00e9ments fondamentaux : disposition des lieux, \u00e9clairage, contraste de couleur ou de luminosit\u00e9 et acoustique.<\/p>\n<p>Cette section d\u00e9crit d\u2019abord les avantages et les \u00e9ventuels pi\u00e8ges de diverses strat\u00e9gies de planification, et l\u2019importance d\u2019un design uniforme. Elle couvre les types et les modes d\u2019\u00e9clairage, l\u2019emplacement des sources d\u2019\u00e9clairage et l\u2019utilisation de l\u2019\u00e9clairage pour aider au rep\u00e9rage du chemin d\u2019acc\u00e8s et \u00e0 l\u2019orientation. Le contraste de couleur et de luminosit\u00e9 est pr\u00e9sent\u00e9 comme un concept essentiel pour rendre les environnements plus s\u00e9curitaires et plus utilisables pour tous, ce qui a des r\u00e9percussions majeures sur bon nombre d\u2019\u00e9l\u00e9ments dans un environnement b\u00e2ti. Enfin, la section explique en quoi l\u2019acoustique est importante pour les personnes touch\u00e9es par la c\u00e9cit\u00e9, et en quoi l\u2019environnement acoustique influe sur la facilit\u00e9 d\u2019utilisation.<\/p>\n<p>Les exigences techniques \u00e9nonc\u00e9es dans cette section sont extraites de plusieurs sources, dont le <a href=\"http:\/\/www.nrc-cnrc.gc.ca\/fra\/publications\/centre_codes\/2010_code_national_batiment.html\" target=\"_blank\" rel=\"noopener\">Code national du b\u00e2timent &#8211; Canada<\/a>,<a href=\"http:\/\/shop.csa.ca\/fr\/canada\/accessibility\/b651-12\/invt\/27021232012\" target=\"_blank\" rel=\"noopener\">CAN\/CSA B651 \u2013 Conception accessible pour l\u2019environnement b\u00e2ti, <\/a><a href=\"http:\/\/www.iso.org\/iso\/fr\/home\/store\/catalogue_tc\/catalogue_detail.htm?csnumber=50498\" target=\"_blank\" rel=\"noopener\">ISO\/FDIS 21542 : Construction immobili\u00e8re \u2013 Accessibilit\u00e9 et facilit\u00e9 d\u2019utilisation de l\u2019environnement b\u00e2ti<\/a> et <a href=\"http:\/\/www.iso.org\/iso\/fr\/home\/store\/catalogue_tc\/catalogue_detail.htm?csnumber=55867\" target=\"_blank\" rel=\"noopener\">ISO 23599 : Produits d\u2019assistance pour personnes aveugles ou visuellement affaiblies \u2013 Indicateurs tactiles de surfaces de marche<\/a>. Veuillez consulter ces documents pour obtenir des sp\u00e9cifications techniques plus compl\u00e8tes.<\/p>\n<p><strong>Dans cette section\u00a0:<\/strong><\/p>\n<ul>\n<li><a href=\"https:\/\/clearingourpath.ca\/index.php\/fr\/exigences-generales-de-design\/principes-de-base-du-design\/disposition-des-lieux\/\">Disposition des lieux<\/a><\/li>\n<li><a href=\"https:\/\/clearingourpath.ca\/index.php\/fr\/exigences-generales-de-design\/principes-de-base-du-design\/eclairage\/\">\u00c9clairage<\/a>\n<ul>\n<li><a href=\"https:\/\/clearingourpath.ca\/index.php\/fr\/exigences-generales-de-design\/principes-de-base-du-design\/eclairage\/exigences-declairement-minimal\/\">Exigences d\u2019\u00e9clairement minimal<\/a><\/li>\n<li><a href=\"https:\/\/clearingourpath.ca\/index.php\/fr\/exigences-generales-de-design\/principes-de-base-du-design\/eclairage\/types-declairage\/\">Types d\u2019\u00e9clairage<\/a><\/li>\n<li><a href=\"https:\/\/clearingourpath.ca\/index.php\/fr\/exigences-generales-de-design\/principes-de-base-du-design\/eclairage\/modes-declairage\/\">Modes d\u2019\u00e9clairage<\/a><\/li>\n<li><a href=\"https:\/\/clearingourpath.ca\/index.php\/fr\/exigences-generales-de-design\/principes-de-base-du-design\/eclairage\/emplacement-des-luminaires\/\">Emplacement des luminaires<\/a><\/li>\n<\/ul>\n<\/li>\n<li><a href=\"https:\/\/clearingourpath.ca\/index.php\/fr\/exigences-generales-de-design\/principes-de-base-du-design\/contraste-de-couleur-et-de-luminosite\/\">Contraste de couleur et de luminosit\u00e9<\/a><\/li>\n<li><a href=\"https:\/\/clearingourpath.ca\/index.php\/fr\/exigences-generales-de-design\/principes-de-base-du-design\/acoustique\/\">Acoustique<\/a><\/li>\n<\/ul>\n","protected":false},"excerpt":{"rendered":"<p>Pour cr\u00e9er des environnements b\u00e2tis qui r\u00e9pondent aux besoins des personnes touch\u00e9es par la c\u00e9cit\u00e9, les designers doivent prendre en compte quatre \u00e9l\u00e9ments fondamentaux : disposition des lieux, \u00e9clairage, contraste de couleur ou de luminosit\u00e9 et acoustique. Cette section d\u00e9crit d\u2019abord les avantages et les [&hellip;]<\/p>\n","protected":false},"author":3,"featured_media":0,"parent":428,"menu_order":1,"comment_status":"closed","ping_status":"closed","template":"","meta":{"_monsterinsights_skip_tracking":false,"_monsterinsights_sitenote_active":false,"_monsterinsights_sitenote_note":"","_monsterinsights_sitenote_category":0,"footnotes":""},"class_list":["post-541","page","type-page","status-publish","hentry"],"_links":{"self":[{"href":"https:\/\/clearingourpath.ca\/index.php\/wp-json\/wp\/v2\/pages\/541","targetHints":{"allow":["GET"]}}],"collection":[{"href":"https:\/\/clearingourpath.ca\/index.php\/wp-json\/wp\/v2\/pages"}],"about":[{"href":"https:\/\/clearingourpath.ca\/index.php\/wp-json\/wp\/v2\/types\/page"}],"author":[{"embeddable":true,"href":"https:\/\/clearingourpath.ca\/index.php\/wp-json\/wp\/v2\/users\/3"}],"replies":[{"embeddable":true,"href":"https:\/\/clearingourpath.ca\/index.php\/wp-json\/wp\/v2\/comments?post=541"}],"version-history":[{"count":2,"href":"https:\/\/clearingourpath.ca\/index.php\/wp-json\/wp\/v2\/pages\/541\/revisions"}],"predecessor-version":[{"id":631,"href":"https:\/\/clearingourpath.ca\/index.php\/wp-json\/wp\/v2\/pages\/541\/revisions\/631"}],"up":[{"embeddable":true,"href":"https:\/\/clearingourpath.ca\/index.php\/wp-json\/wp\/v2\/pages\/428"}],"wp:attachment":[{"href":"https:\/\/clearingourpath.ca\/index.php\/wp-json\/wp\/v2\/media?parent=541"}],"curies":[{"name":"wp","href":"https:\/\/api.w.org\/{rel}","templated":true}]}}