{"id":693,"date":"2022-10-13T14:54:21","date_gmt":"2022-10-13T14:54:21","guid":{"rendered":"https:\/\/clearingourpath.ca\/?page_id=693"},"modified":"2022-10-18T12:27:56","modified_gmt":"2022-10-18T12:27:56","slug":"bords-de-quai","status":"publish","type":"page","link":"https:\/\/clearingourpath.ca\/index.php\/language\/fr\/exigences-generales-de-design\/elements-de-design-communs\/bords-de-quai\/","title":{"rendered":"Bords de quai"},"content":{"rendered":"<figure id=\"attachment_304\" aria-describedby=\"caption-attachment-304\" style=\"width: 300px\" class=\"wp-caption alignright\"><img loading=\"lazy\" decoding=\"async\" class=\"wp-image-304 size-medium\" src=\"https:\/\/clearingourpath.ca\/wp-content\/uploads\/2022\/08\/fig3-6-1-300x204.jpg\" alt=\"Indicateurs tactiles d\u2019\u00e9veil de la vigilance sur le bord d\u2019un quai dans une station de transport en commun.\" width=\"300\" height=\"204\" srcset=\"https:\/\/clearingourpath.ca\/wp-content\/uploads\/2022\/08\/fig3-6-1-300x204.jpg 300w, https:\/\/clearingourpath.ca\/wp-content\/uploads\/2022\/08\/fig3-6-1.jpg 714w\" sizes=\"auto, (max-width: 300px) 100vw, 300px\" \/><figcaption id=\"caption-attachment-304\" class=\"wp-caption-text\">Indicateurs tactiles d\u2019\u00e9veil de la vigilance sur le bord d\u2019un quai dans une station de transport en commun.<\/figcaption><\/figure>\n<p>Indicateurs tactiles d\u2019\u00e9veil de la vigilance sur le bord d\u2019un quai dans une station de transport en commun.<\/p>\n<p>Des indicateurs tactiles de surface doivent marquer clairement les bords de quai, entre autres les quais des gares et des traversiers. Les indicateurs tactiles de surfaces de marche doivent \u00eatre parall\u00e8les au bord du quai, s\u2019\u00e9tendre sur toute sa longueur et avoir une largeur de 600 \u00e0 650\u00a0mm.<\/p>\n<p>Le mat\u00e9riau utilis\u00e9 pour les indicateurs tactiles de surface de marche et l\u2019emplacement de ceux-ci doivent \u00eatre uniformes dans un m\u00eame lieu. Consultez la Section <a href=\"https:\/\/clearingourpath.ca\/index.php\/fr\/exigences-generales-de-design\/elements-de-design-communs\/indicateurs-tactiles-de-surface-de-marche\/\">Indicateurs tactiles de surface de marche<\/a> pour conna\u00eetre les sp\u00e9cifications recommand\u00e9es.<\/p>\n","protected":false},"excerpt":{"rendered":"<p>Indicateurs tactiles d\u2019\u00e9veil de la vigilance sur le bord d\u2019un quai dans une station de transport en commun. Des indicateurs tactiles de surface doivent marquer clairement les bords de quai, entre autres les quais des gares et des traversiers. Les indicateurs tactiles de surfaces de [&hellip;]<\/p>\n","protected":false},"author":3,"featured_media":0,"parent":432,"menu_order":5,"comment_status":"closed","ping_status":"closed","template":"","meta":{"_monsterinsights_skip_tracking":false,"_monsterinsights_sitenote_active":false,"_monsterinsights_sitenote_note":"","_monsterinsights_sitenote_category":0,"footnotes":""},"class_list":["post-693","page","type-page","status-publish","hentry"],"_links":{"self":[{"href":"https:\/\/clearingourpath.ca\/index.php\/wp-json\/wp\/v2\/pages\/693","targetHints":{"allow":["GET"]}}],"collection":[{"href":"https:\/\/clearingourpath.ca\/index.php\/wp-json\/wp\/v2\/pages"}],"about":[{"href":"https:\/\/clearingourpath.ca\/index.php\/wp-json\/wp\/v2\/types\/page"}],"author":[{"embeddable":true,"href":"https:\/\/clearingourpath.ca\/index.php\/wp-json\/wp\/v2\/users\/3"}],"replies":[{"embeddable":true,"href":"https:\/\/clearingourpath.ca\/index.php\/wp-json\/wp\/v2\/comments?post=693"}],"version-history":[{"count":1,"href":"https:\/\/clearingourpath.ca\/index.php\/wp-json\/wp\/v2\/pages\/693\/revisions"}],"predecessor-version":[{"id":694,"href":"https:\/\/clearingourpath.ca\/index.php\/wp-json\/wp\/v2\/pages\/693\/revisions\/694"}],"up":[{"embeddable":true,"href":"https:\/\/clearingourpath.ca\/index.php\/wp-json\/wp\/v2\/pages\/432"}],"wp:attachment":[{"href":"https:\/\/clearingourpath.ca\/index.php\/wp-json\/wp\/v2\/media?parent=693"}],"curies":[{"name":"wp","href":"https:\/\/api.w.org\/{rel}","templated":true}]}}