{"id":705,"date":"2022-10-13T15:07:13","date_gmt":"2022-10-13T15:07:13","guid":{"rendered":"https:\/\/clearingourpath.ca\/?page_id=705"},"modified":"2022-10-18T18:15:09","modified_gmt":"2022-10-18T18:15:09","slug":"intersections","status":"publish","type":"page","link":"https:\/\/clearingourpath.ca\/index.php\/language\/fr\/exigences-generales-de-design\/elements-de-design-exterieur\/intersections\/","title":{"rendered":"Intersections"},"content":{"rendered":"<p>Les travers\u00e9es de rue doivent \u00eatre configur\u00e9es de fa\u00e7on \u00e0 limiter l\u2019exposition des pi\u00e9tons aux v\u00e9hicules en circulation en suivant une ligne perpendiculaire \u00e0 la voie carrossable travers\u00e9e. Elles doivent \u00eatre enti\u00e8rement \u00e0 l\u2019ext\u00e9rieur des voies de circulation ou de virage et des zones d\u2019arr\u00eat d\u2019autobus de la rue parall\u00e8le, et comporter des bateaux de trottoir ou des bordures surbaiss\u00e9es qui m\u00e8nent directement \u00e0 la zone de traverse pi\u00e9tonni\u00e8re.<\/p>\n<p><strong>Dans cette section\u00a0:<\/strong><\/p>\n<ul>\n<li><a href=\"https:\/\/clearingourpath.ca\/index.php\/fr\/exigences-generales-de-design\/elements-de-design-exterieur\/intersections\/bateaux-de-trottoir-et-bordures-surbaissees\/\">Bateaux de trottoir et bordures surbaiss\u00e9es<\/a><\/li>\n<li><a href=\"https:\/\/clearingourpath.ca\/index.php\/fr\/exigences-generales-de-design\/elements-de-design-exterieur\/intersections\/ilots-de-refuge-pour-pietons\/\">\u00celots de refuge pour pi\u00e9tons<\/a><\/li>\n<li><a href=\"https:\/\/clearingourpath.ca\/index.php\/fr\/exigences-generales-de-design\/elements-de-design-exterieur\/intersections\/traverses-pietonnieres-surelevees\/\">Traverses pi\u00e9tonni\u00e8res sur\u00e9lev\u00e9es<\/a><\/li>\n<li><a href=\"https:\/\/clearingourpath.ca\/index.php\/fr\/exigences-generales-de-design\/elements-de-design-exterieur\/intersections\/signalisation-pietonniere-accessible\/\">Signaux pi\u00e9tonniers accessibles<\/a><\/li>\n<li><a href=\"https:\/\/clearingourpath.ca\/index.php\/fr\/exigences-generales-de-design\/elements-de-design-exterieur\/intersections\/systemes-de-circulation-pietonniere-sans-fil\/\">Syst\u00e8mes de circulation pi\u00e9tonni\u00e8re sans fil<\/a><\/li>\n<li><a href=\"https:\/\/clearingourpath.ca\/index.php\/fr\/exigences-generales-de-design\/elements-de-design-exterieur\/intersections\/carrefours-giratoires\/\">Carrefours giratoires<\/a><\/li>\n<li><a href=\"https:\/\/clearingourpath.ca\/index.php\/fr\/exigences-generales-de-design\/elements-de-design-exterieur\/intersections\/traverses-pietonnieres-sans-signalisation\/\">Traverses pi\u00e9tonni\u00e8res sans signalisation<\/a><\/li>\n<li><a href=\"https:\/\/clearingourpath.ca\/index.php\/fr\/exigences-generales-de-design\/elements-de-design-exterieur\/intersections\/traverses-en-section-courante\/\">Traverses en section courante<\/a><\/li>\n<li><a href=\"https:\/\/clearingourpath.ca\/index.php\/fr\/exigences-generales-de-design\/elements-de-design-exterieur\/intersections\/passages-pour-pietons-brouilles\/\">Pi\u00e9tons brouill\u00e9s<\/a><\/li>\n<li><a href=\"https:\/\/clearingourpath.ca\/index.php\/fr\/exigences-generales-de-design\/elements-de-design-exterieur\/intersections\/passages-pietonniers-arc-en-ciel\/\">Passages pi\u00e9tonniers arc-en-ciel<\/a><\/li>\n<\/ul>\n","protected":false},"excerpt":{"rendered":"<p>Les travers\u00e9es de rue doivent \u00eatre configur\u00e9es de fa\u00e7on \u00e0 limiter l\u2019exposition des pi\u00e9tons aux v\u00e9hicules en circulation en suivant une ligne perpendiculaire \u00e0 la voie carrossable travers\u00e9e. Elles doivent \u00eatre enti\u00e8rement \u00e0 l\u2019ext\u00e9rieur des voies de circulation ou de virage et des zones d\u2019arr\u00eat [&hellip;]<\/p>\n","protected":false},"author":3,"featured_media":0,"parent":448,"menu_order":1,"comment_status":"closed","ping_status":"closed","template":"","meta":{"_monsterinsights_skip_tracking":false,"_monsterinsights_sitenote_active":false,"_monsterinsights_sitenote_note":"","_monsterinsights_sitenote_category":0,"footnotes":""},"class_list":["post-705","page","type-page","status-publish","hentry"],"_links":{"self":[{"href":"https:\/\/clearingourpath.ca\/index.php\/wp-json\/wp\/v2\/pages\/705","targetHints":{"allow":["GET"]}}],"collection":[{"href":"https:\/\/clearingourpath.ca\/index.php\/wp-json\/wp\/v2\/pages"}],"about":[{"href":"https:\/\/clearingourpath.ca\/index.php\/wp-json\/wp\/v2\/types\/page"}],"author":[{"embeddable":true,"href":"https:\/\/clearingourpath.ca\/index.php\/wp-json\/wp\/v2\/users\/3"}],"replies":[{"embeddable":true,"href":"https:\/\/clearingourpath.ca\/index.php\/wp-json\/wp\/v2\/comments?post=705"}],"version-history":[{"count":3,"href":"https:\/\/clearingourpath.ca\/index.php\/wp-json\/wp\/v2\/pages\/705\/revisions"}],"predecessor-version":[{"id":954,"href":"https:\/\/clearingourpath.ca\/index.php\/wp-json\/wp\/v2\/pages\/705\/revisions\/954"}],"up":[{"embeddable":true,"href":"https:\/\/clearingourpath.ca\/index.php\/wp-json\/wp\/v2\/pages\/448"}],"wp:attachment":[{"href":"https:\/\/clearingourpath.ca\/index.php\/wp-json\/wp\/v2\/media?parent=705"}],"curies":[{"name":"wp","href":"https:\/\/api.w.org\/{rel}","templated":true}]}}