{"id":752,"date":"2022-10-13T15:59:25","date_gmt":"2022-10-13T15:59:25","guid":{"rendered":"https:\/\/clearingourpath.ca\/?page_id=752"},"modified":"2022-10-13T15:59:25","modified_gmt":"2022-10-13T15:59:25","slug":"nez","status":"publish","type":"page","link":"https:\/\/clearingourpath.ca\/index.php\/language\/fr\/exigences-generales-de-design\/elements-de-design-communs\/escaliers\/nez\/","title":{"rendered":"Nez"},"content":{"rendered":"<p>Voici les lignes directrices \u00e0 suivre pour les nez de marche\u00a0:<\/p>\n<ul>\n<li>Les nez ne doivent pas d\u00e9passer de plus de 25\u00a0mm.<\/li>\n<li>Lorsque les nez font saillie, ils doivent \u00eatre inclin\u00e9s vers la contremarche \u00e0 un angle sup\u00e9rieur \u00e0 60\u00a0degr\u00e9s par rapport \u00e0 l\u2019horizontale.<\/li>\n<li>Dans le cas des nez arrondis, le rayon de courbure au bord pro\u00e9minent du giron doit \u00eatre d\u2019au plus 13\u00a0mm.<\/li>\n<li>Les marches doivent \u00eatre faites d\u2019un mat\u00e9riau antid\u00e9rapant, et dot\u00e9es de nez ou d\u2019\u00e9l\u00e9ments rapport\u00e9s faits d\u2019un mat\u00e9riau antid\u00e9rapant.<\/li>\n<li>Les nez de marche doivent porter une bande de couleur et de luminosit\u00e9 contrastantes traversant tout le bord pro\u00e9minent du giron et ayant une profondeur de 40 \u00e0 60\u00a0mm. Un contraste de couleur et de luminosit\u00e9 d\u2019au moins 50\u00a0% entre la bande de contraste et la surface du giron est requis. La bande de contraste doit couvrir la portion avant du nez. Elle ne doit pas se prolonger de plus de 10\u00a0mm sous la partie avant du nez ou vers la contremarche. Dans des escaliers, des bandes de couleur p\u00e2le sur des girons fonc\u00e9s sont pr\u00e9f\u00e9rables \u00e0 des bandes fonc\u00e9es sur des girons de couleur p\u00e2le. Les bandes fonc\u00e9es sur les nez sont difficiles \u00e0 remarquer pour les personnes touch\u00e9es par la c\u00e9cit\u00e9. Pour de plus amples renseignements, consultez la section <a href=\"https:\/\/clearingourpath.ca\/index.php\/fr\/exigences-generales-de-design\/principes-de-base-du-design\/contraste-de-couleur-et-de-luminosite\/\">Contraste de couleur et de luminosit\u00e9<\/a><\/li>\n<\/ul>\n<figure id=\"attachment_295\" aria-describedby=\"caption-attachment-295\" style=\"width: 522px\" class=\"wp-caption alignleft\"><img loading=\"lazy\" decoding=\"async\" class=\"wp-image-295 size-full\" src=\"https:\/\/clearingourpath.ca\/wp-content\/uploads\/2022\/08\/fig3-4-3-1.jpg\" alt=\"Bon exemple de design universel pour un escalier. Les nez offrent un bon contraste de couleur.\" width=\"522\" height=\"369\" srcset=\"https:\/\/clearingourpath.ca\/wp-content\/uploads\/2022\/08\/fig3-4-3-1.jpg 522w, https:\/\/clearingourpath.ca\/wp-content\/uploads\/2022\/08\/fig3-4-3-1-300x212.jpg 300w\" sizes=\"auto, (max-width: 522px) 100vw, 522px\" \/><figcaption id=\"caption-attachment-295\" class=\"wp-caption-text\">Bon exemple de design universel pour un escalier. Les nez offrent un bon contraste de couleur.<\/figcaption><\/figure>\n<figure id=\"attachment_296\" aria-describedby=\"caption-attachment-296\" style=\"width: 509px\" class=\"wp-caption alignleft\"><img loading=\"lazy\" decoding=\"async\" class=\"wp-image-296 \" src=\"https:\/\/clearingourpath.ca\/wp-content\/uploads\/2022\/08\/fig3-4-3-2.jpg\" alt=\"Exemple de mauvaise utilisation de nez de marche. Les marches de couleur p\u00e2le \u00e0 nez de bandes noires cr\u00e9ent un motif de marquage qui n\u2019est pas bien per\u00e7u par des personnes touch\u00e9es par la c\u00e9cit\u00e9.\" width=\"509\" height=\"368\" srcset=\"https:\/\/clearingourpath.ca\/wp-content\/uploads\/2022\/08\/fig3-4-3-2.jpg 522w, https:\/\/clearingourpath.ca\/wp-content\/uploads\/2022\/08\/fig3-4-3-2-300x217.jpg 300w\" sizes=\"auto, (max-width: 509px) 100vw, 509px\" \/><figcaption id=\"caption-attachment-296\" class=\"wp-caption-text\">Exemple de mauvaise utilisation de nez de marche. Les marches de couleur p\u00e2le \u00e0 nez de bandes noires cr\u00e9ent un motif de marquage qui n\u2019est pas bien per\u00e7u par des personnes touch\u00e9es par la c\u00e9cit\u00e9.<\/figcaption><\/figure>\n<figure id=\"attachment_298\" aria-describedby=\"caption-attachment-298\" style=\"width: 551px\" class=\"wp-caption alignleft\"><img loading=\"lazy\" decoding=\"async\" class=\"wp-image-298 \" src=\"https:\/\/clearingourpath.ca\/wp-content\/uploads\/2022\/08\/fig3-4-3-4.jpg\" alt=\"Un escalier en acier \u00e0 nez de couleur contrastante offre un exemple de bon design. L\u2019escalier aurait \u00e9t\u00e9 encore plus accessible pour des personnes touch\u00e9es par la c\u00e9cit\u00e9 si les mains courantes avaient \u00e9t\u00e9 de couleur contrastante.\" width=\"551\" height=\"369\" srcset=\"https:\/\/clearingourpath.ca\/wp-content\/uploads\/2022\/08\/fig3-4-3-4.jpg 717w, https:\/\/clearingourpath.ca\/wp-content\/uploads\/2022\/08\/fig3-4-3-4-300x201.jpg 300w\" sizes=\"auto, (max-width: 551px) 100vw, 551px\" \/><figcaption id=\"caption-attachment-298\" class=\"wp-caption-text\">Un escalier en acier \u00e0 nez de couleur contrastante offre un exemple de bon design. L\u2019escalier aurait \u00e9t\u00e9 encore plus accessible pour des personnes touch\u00e9es par la c\u00e9cit\u00e9 si les mains courantes avaient \u00e9t\u00e9 de couleur contrastante.<\/figcaption><\/figure>\n<figure id=\"attachment_297\" aria-describedby=\"caption-attachment-297\" style=\"width: 565px\" class=\"wp-caption alignleft\"><img loading=\"lazy\" decoding=\"async\" class=\"wp-image-297 \" src=\"https:\/\/clearingourpath.ca\/wp-content\/uploads\/2022\/08\/fig3-4-3-3.jpg\" alt=\"Exemple de mauvais design d\u2019un escalier \u2013 marches noires sans couleur contrastante sur le nez.\" width=\"565\" height=\"369\" srcset=\"https:\/\/clearingourpath.ca\/wp-content\/uploads\/2022\/08\/fig3-4-3-3.jpg 726w, https:\/\/clearingourpath.ca\/wp-content\/uploads\/2022\/08\/fig3-4-3-3-300x196.jpg 300w\" sizes=\"auto, (max-width: 565px) 100vw, 565px\" \/><figcaption id=\"caption-attachment-297\" class=\"wp-caption-text\">Exemple de mauvais design d\u2019un escalier \u2013 marches noires sans couleur contrastante sur le nez.<\/figcaption><\/figure>\n","protected":false},"excerpt":{"rendered":"<p>Voici les lignes directrices \u00e0 suivre pour les nez de marche\u00a0: Les nez ne doivent pas d\u00e9passer de plus de 25\u00a0mm. Lorsque les nez font saillie, ils doivent \u00eatre inclin\u00e9s vers la contremarche \u00e0 un angle sup\u00e9rieur \u00e0 60\u00a0degr\u00e9s par rapport \u00e0 l\u2019horizontale. Dans le [&hellip;]<\/p>\n","protected":false},"author":3,"featured_media":0,"parent":701,"menu_order":2,"comment_status":"closed","ping_status":"closed","template":"","meta":{"_monsterinsights_skip_tracking":false,"_monsterinsights_sitenote_active":false,"_monsterinsights_sitenote_note":"","_monsterinsights_sitenote_category":0,"footnotes":""},"class_list":["post-752","page","type-page","status-publish","hentry"],"_links":{"self":[{"href":"https:\/\/clearingourpath.ca\/index.php\/wp-json\/wp\/v2\/pages\/752","targetHints":{"allow":["GET"]}}],"collection":[{"href":"https:\/\/clearingourpath.ca\/index.php\/wp-json\/wp\/v2\/pages"}],"about":[{"href":"https:\/\/clearingourpath.ca\/index.php\/wp-json\/wp\/v2\/types\/page"}],"author":[{"embeddable":true,"href":"https:\/\/clearingourpath.ca\/index.php\/wp-json\/wp\/v2\/users\/3"}],"replies":[{"embeddable":true,"href":"https:\/\/clearingourpath.ca\/index.php\/wp-json\/wp\/v2\/comments?post=752"}],"version-history":[{"count":1,"href":"https:\/\/clearingourpath.ca\/index.php\/wp-json\/wp\/v2\/pages\/752\/revisions"}],"predecessor-version":[{"id":753,"href":"https:\/\/clearingourpath.ca\/index.php\/wp-json\/wp\/v2\/pages\/752\/revisions\/753"}],"up":[{"embeddable":true,"href":"https:\/\/clearingourpath.ca\/index.php\/wp-json\/wp\/v2\/pages\/701"}],"wp:attachment":[{"href":"https:\/\/clearingourpath.ca\/index.php\/wp-json\/wp\/v2\/media?parent=752"}],"curies":[{"name":"wp","href":"https:\/\/api.w.org\/{rel}","templated":true}]}}