{"id":760,"date":"2022-10-13T16:10:04","date_gmt":"2022-10-13T16:10:04","guid":{"rendered":"https:\/\/clearingourpath.ca\/?page_id=760"},"modified":"2022-10-13T16:10:04","modified_gmt":"2022-10-13T16:10:04","slug":"mains-courantes","status":"publish","type":"page","link":"https:\/\/clearingourpath.ca\/index.php\/language\/fr\/exigences-generales-de-design\/elements-de-design-communs\/escaliers\/mains-courantes\/","title":{"rendered":"Mains courantes"},"content":{"rendered":"<p>Les mains courantes qui longent les c\u00f4t\u00e9s d\u2019un escalier pr\u00e9viennent des accidents en offrant une prise et servent de guides visuels et tactiles aux personnes touch\u00e9es par la c\u00e9cit\u00e9. Autant que possible, il faut installer des mains courantes en continu dans un syst\u00e8me d\u2019escaliers, de chaque c\u00f4t\u00e9 des marches et de tous les paliers attenants.<\/p>\n<figure id=\"attachment_300\" aria-describedby=\"caption-attachment-300\" style=\"width: 473px\" class=\"wp-caption alignright\"><img loading=\"lazy\" decoding=\"async\" class=\"wp-image-300 \" src=\"https:\/\/clearingourpath.ca\/wp-content\/uploads\/2022\/08\/fig3-4-5-1.jpg\" alt=\"La main courante d\u2019un escalier a \u00e9t\u00e9 adapt\u00e9e par l\u2019ajout d\u2019une bande \u00e0 contraste de couleur et de luminosit\u00e9 dans le haut et le bas du syst\u00e8me de garde-corps. Il s\u2019agit d\u2019une bonne solution de rechange lorsque la main courante compl\u00e8te ne peut \u00eatre d\u2019une couleur contrastante par rapport \u00e0 celle de la surface de mur adjacente.\" width=\"473\" height=\"318\" srcset=\"https:\/\/clearingourpath.ca\/wp-content\/uploads\/2022\/08\/fig3-4-5-1.jpg 707w, https:\/\/clearingourpath.ca\/wp-content\/uploads\/2022\/08\/fig3-4-5-1-300x202.jpg 300w\" sizes=\"auto, (max-width: 473px) 100vw, 473px\" \/><figcaption id=\"caption-attachment-300\" class=\"wp-caption-text\">La main courante d\u2019un escalier a \u00e9t\u00e9 adapt\u00e9e par l\u2019ajout d\u2019une bande \u00e0 contraste de couleur et de luminosit\u00e9 dans le haut et le bas du syst\u00e8me de garde-corps. Il s\u2019agit d\u2019une bonne solution de rechange lorsque la main courante compl\u00e8te ne peut \u00eatre d\u2019une couleur contrastante par rapport \u00e0 celle de la surface de mur adjacente.<\/figcaption><\/figure>\n<p>Voici les lignes directrices \u00e0 suivre pour les mains courantes utilis\u00e9es dans des escaliers\u00a0:<\/p>\n<ul>\n<li>Les mains courantes doivent \u00eatre fix\u00e9es \u00e0 une hauteur comprise entre 865 et 920\u00a0mm, mesur\u00e9e verticalement \u00e0 partir du bord avant de la marche.<\/li>\n<li>Dans le haut des escaliers et des rampes d\u2019acc\u00e8s et dans le bas des rampes d\u2019acc\u00e8s, les mains courantes doivent se prolonger parall\u00e8lement \u00e0 la surface du plancher sur une distance d\u2019au moins 300\u00a0mm.<\/li>\n<li>Au bas des escaliers, les mains courantes doivent rester inclin\u00e9es jusqu\u2019\u00e0 une distance \u00e9gale \u00e0 la profondeur d\u2019un giron et se prolonger parall\u00e8lement \u00e0 la surface du plancher sur une distance d\u2019au moins 300\u00a0mm.<\/li>\n<li>Les extr\u00e9mit\u00e9s des mains courantes doivent \u00eatre tourn\u00e9es vers le mur ou le sol, ou vers un poteau, afin de ne pr\u00e9senter aucun danger pour les pi\u00e9tons.<\/li>\n<li>Les mains courantes doivent avoir des surfaces de saisie continues, non interrompues par des \u00e9l\u00e9ments de construction (comme des pilastres) ou des obstructions qui peuvent emp\u00eacher une prise de main continue.<\/li>\n<li>Les mains courantes doivent \u00eatre exemptes de tout \u00e9l\u00e9ment pointu ou abrasif.<\/li>\n<li>Les mains courantes doivent avoir une surface de saisie circulaire d\u2019un diam\u00e8tre de 30 \u00e0 40\u00a0mm.<\/li>\n<li>Il doit y avoir un espace libre d\u2019au moins 50\u00a0mm entre la main courante et le mur. L\u2019espace doit \u00eatre augment\u00e9 \u00e0 au moins 60\u00a0mm si la surface du mur est rugueuse.<\/li>\n<li>Les mains courantes doivent avoir un contraste de couleur et de luminosit\u00e9 d\u2019au moins 50\u00a0% avec la surface de mur avoisinante. Pour de plus amples renseignements, consultez la section <a href=\"https:\/\/clearingourpath.ca\/index.php\/fr\/exigences-generales-de-design\/principes-de-base-du-design\/contraste-de-couleur-et-de-luminosite\/\">Contraste de couleur et de luminosit\u00e9<\/a>.<\/li>\n<\/ul>\n<p>Ces exigences relatives aux mains courantes s\u2019appliquent aux rampes d\u2019acc\u00e8s et aux escaliers<\/p>\n","protected":false},"excerpt":{"rendered":"<p>Les mains courantes qui longent les c\u00f4t\u00e9s d\u2019un escalier pr\u00e9viennent des accidents en offrant une prise et servent de guides visuels et tactiles aux personnes touch\u00e9es par la c\u00e9cit\u00e9. Autant que possible, il faut installer des mains courantes en continu dans un syst\u00e8me d\u2019escaliers, de [&hellip;]<\/p>\n","protected":false},"author":3,"featured_media":0,"parent":701,"menu_order":4,"comment_status":"closed","ping_status":"closed","template":"","meta":{"_monsterinsights_skip_tracking":false,"_monsterinsights_sitenote_active":false,"_monsterinsights_sitenote_note":"","_monsterinsights_sitenote_category":0,"footnotes":""},"class_list":["post-760","page","type-page","status-publish","hentry"],"_links":{"self":[{"href":"https:\/\/clearingourpath.ca\/index.php\/wp-json\/wp\/v2\/pages\/760","targetHints":{"allow":["GET"]}}],"collection":[{"href":"https:\/\/clearingourpath.ca\/index.php\/wp-json\/wp\/v2\/pages"}],"about":[{"href":"https:\/\/clearingourpath.ca\/index.php\/wp-json\/wp\/v2\/types\/page"}],"author":[{"embeddable":true,"href":"https:\/\/clearingourpath.ca\/index.php\/wp-json\/wp\/v2\/users\/3"}],"replies":[{"embeddable":true,"href":"https:\/\/clearingourpath.ca\/index.php\/wp-json\/wp\/v2\/comments?post=760"}],"version-history":[{"count":1,"href":"https:\/\/clearingourpath.ca\/index.php\/wp-json\/wp\/v2\/pages\/760\/revisions"}],"predecessor-version":[{"id":761,"href":"https:\/\/clearingourpath.ca\/index.php\/wp-json\/wp\/v2\/pages\/760\/revisions\/761"}],"up":[{"embeddable":true,"href":"https:\/\/clearingourpath.ca\/index.php\/wp-json\/wp\/v2\/pages\/701"}],"wp:attachment":[{"href":"https:\/\/clearingourpath.ca\/index.php\/wp-json\/wp\/v2\/media?parent=760"}],"curies":[{"name":"wp","href":"https:\/\/api.w.org\/{rel}","templated":true}]}}