{"id":813,"date":"2022-10-18T13:02:14","date_gmt":"2022-10-18T13:02:14","guid":{"rendered":"https:\/\/clearingourpath.ca\/?page_id=813"},"modified":"2022-10-18T13:02:14","modified_gmt":"2022-10-18T13:02:14","slug":"symboles-et-pictogrammes","status":"publish","type":"page","link":"https:\/\/clearingourpath.ca\/index.php\/language\/fr\/exigences-generales-de-design\/elements-de-design-communs\/signalisation\/symboles-et-pictogrammes\/","title":{"rendered":"Symboles et pictogrammes"},"content":{"rendered":"<p>Les symboles et pictogrammes sont d\u2019excellents moyens de signalisation pour de nombreux \u00e9l\u00e9ments d\u2019un lieu, dont les toilettes et les t\u00e9l\u00e9phones publics. Ils sont \u00e0 utiliser sur des panneaux imprim\u00e9s tant avec que sans relief.<\/p>\n<p>Tous les symboles et pictogrammes doivent \u00eatre accessibles et, par cons\u00e9quent, avoir un contraste de couleur d\u2019au moins 70\u00a0% par rapport \u00e0 la surface du panneau et s\u2019accompagner de braille int\u00e9gral, plac\u00e9 dessous. Vous trouverez plus d&#8217;information \u00e0 la section <a href=\"https:\/\/clearingourpath.ca\/index.php\/fr\/exigences-generales-de-design\/principes-de-base-du-design\/contraste-de-couleur-et-de-luminosite\/\">Contraste de couleur et de luminosit\u00e9<\/a>.<\/p>\n<p>Comme les caract\u00e8res sur les panneaux \u00e0 impression en relief, les pictogrammes et les symboles doivent \u00eatre sur\u00e9lev\u00e9s de 0,8 \u00e0 1,5\u00a0mm par rapport \u00e0 la surface de fond. Ils doivent \u00eatre plus gros que les caract\u00e8res et mesurer au moins 150\u00a0mm de haut.<\/p>\n","protected":false},"excerpt":{"rendered":"<p>Les symboles et pictogrammes sont d\u2019excellents moyens de signalisation pour de nombreux \u00e9l\u00e9ments d\u2019un lieu, dont les toilettes et les t\u00e9l\u00e9phones publics. Ils sont \u00e0 utiliser sur des panneaux imprim\u00e9s tant avec que sans relief. Tous les symboles et pictogrammes doivent \u00eatre accessibles et, par [&hellip;]<\/p>\n","protected":false},"author":3,"featured_media":0,"parent":495,"menu_order":5,"comment_status":"closed","ping_status":"closed","template":"","meta":{"_monsterinsights_skip_tracking":false,"_monsterinsights_sitenote_active":false,"_monsterinsights_sitenote_note":"","_monsterinsights_sitenote_category":0,"footnotes":""},"class_list":["post-813","page","type-page","status-publish","hentry"],"_links":{"self":[{"href":"https:\/\/clearingourpath.ca\/index.php\/wp-json\/wp\/v2\/pages\/813","targetHints":{"allow":["GET"]}}],"collection":[{"href":"https:\/\/clearingourpath.ca\/index.php\/wp-json\/wp\/v2\/pages"}],"about":[{"href":"https:\/\/clearingourpath.ca\/index.php\/wp-json\/wp\/v2\/types\/page"}],"author":[{"embeddable":true,"href":"https:\/\/clearingourpath.ca\/index.php\/wp-json\/wp\/v2\/users\/3"}],"replies":[{"embeddable":true,"href":"https:\/\/clearingourpath.ca\/index.php\/wp-json\/wp\/v2\/comments?post=813"}],"version-history":[{"count":1,"href":"https:\/\/clearingourpath.ca\/index.php\/wp-json\/wp\/v2\/pages\/813\/revisions"}],"predecessor-version":[{"id":814,"href":"https:\/\/clearingourpath.ca\/index.php\/wp-json\/wp\/v2\/pages\/813\/revisions\/814"}],"up":[{"embeddable":true,"href":"https:\/\/clearingourpath.ca\/index.php\/wp-json\/wp\/v2\/pages\/495"}],"wp:attachment":[{"href":"https:\/\/clearingourpath.ca\/index.php\/wp-json\/wp\/v2\/media?parent=813"}],"curies":[{"name":"wp","href":"https:\/\/api.w.org\/{rel}","templated":true}]}}