{"id":885,"date":"2022-10-18T14:35:31","date_gmt":"2022-10-18T14:35:31","guid":{"rendered":"https:\/\/clearingourpath.ca\/?page_id=885"},"modified":"2022-10-25T14:52:28","modified_gmt":"2022-10-25T14:52:28","slug":"installations-recreatives","status":"publish","type":"page","link":"https:\/\/clearingourpath.ca\/index.php\/language\/fr\/exigences-generales-de-design\/elements-de-design-exterieur\/installations-recreatives\/","title":{"rendered":"Installations r\u00e9cr\u00e9atives"},"content":{"rendered":"<p>Les installations r\u00e9cr\u00e9atives publiques doivent \u00eatre accessibles \u00e0 tous, y compris aux personnes touch\u00e9es par la c\u00e9cit\u00e9.<\/p>\n<p><strong>Dans cette section\u00a0:<\/strong><\/p>\n<ul>\n<li><a href=\"https:\/\/clearingourpath.ca\/index.php\/fr\/exigences-generales-de-design\/elements-de-design-exterieur\/installations-recreatives\/aires-exterieures-de-pique-nique\/\">Aires ext\u00e9rieures de pique-nique<\/a><\/li>\n<li><a href=\"https:\/\/clearingourpath.ca\/index.php\/fr\/exigences-generales-de-design\/elements-de-design-exterieur\/installations-recreatives\/bancs\/\">Bancs<\/a><\/li>\n<li><a href=\"https:\/\/clearingourpath.ca\/index.php\/fr\/exigences-generales-de-design\/elements-de-design-exterieur\/installations-recreatives\/terrains-de-jeux-et-parcs-pour-les-enfants\/\">Terrains de jeux et parcs pour les enfants<\/a><\/li>\n<li><a href=\"https:\/\/clearingourpath.ca\/index.php\/fr\/exigences-generales-de-design\/elements-de-design-exterieur\/installations-recreatives\/sentiers-dinterpretation-de-la-nature\/\">Sentiers d\u2019interpr\u00e9tation de la nature<\/a><\/li>\n<li><a href=\"https:\/\/clearingourpath.ca\/index.php\/fr\/exigences-generales-de-design\/elements-de-design-exterieur\/installations-recreatives\/sentiers-polyvalents\/\">Sentiers polyvalents<\/a><\/li>\n<\/ul>\n","protected":false},"excerpt":{"rendered":"<p>Les installations r\u00e9cr\u00e9atives publiques doivent \u00eatre accessibles \u00e0 tous, y compris aux personnes touch\u00e9es par la c\u00e9cit\u00e9. Dans cette section\u00a0: Aires ext\u00e9rieures de pique-nique Bancs Terrains de jeux et parcs pour les enfants Sentiers d\u2019interpr\u00e9tation de la nature Sentiers polyvalents<\/p>\n","protected":false},"author":3,"featured_media":0,"parent":448,"menu_order":7,"comment_status":"closed","ping_status":"closed","template":"","meta":{"_monsterinsights_skip_tracking":false,"_monsterinsights_sitenote_active":false,"_monsterinsights_sitenote_note":"","_monsterinsights_sitenote_category":0,"footnotes":""},"class_list":["post-885","page","type-page","status-publish","hentry"],"_links":{"self":[{"href":"https:\/\/clearingourpath.ca\/index.php\/wp-json\/wp\/v2\/pages\/885","targetHints":{"allow":["GET"]}}],"collection":[{"href":"https:\/\/clearingourpath.ca\/index.php\/wp-json\/wp\/v2\/pages"}],"about":[{"href":"https:\/\/clearingourpath.ca\/index.php\/wp-json\/wp\/v2\/types\/page"}],"author":[{"embeddable":true,"href":"https:\/\/clearingourpath.ca\/index.php\/wp-json\/wp\/v2\/users\/3"}],"replies":[{"embeddable":true,"href":"https:\/\/clearingourpath.ca\/index.php\/wp-json\/wp\/v2\/comments?post=885"}],"version-history":[{"count":3,"href":"https:\/\/clearingourpath.ca\/index.php\/wp-json\/wp\/v2\/pages\/885\/revisions"}],"predecessor-version":[{"id":1080,"href":"https:\/\/clearingourpath.ca\/index.php\/wp-json\/wp\/v2\/pages\/885\/revisions\/1080"}],"up":[{"embeddable":true,"href":"https:\/\/clearingourpath.ca\/index.php\/wp-json\/wp\/v2\/pages\/448"}],"wp:attachment":[{"href":"https:\/\/clearingourpath.ca\/index.php\/wp-json\/wp\/v2\/media?parent=885"}],"curies":[{"name":"wp","href":"https:\/\/api.w.org\/{rel}","templated":true}]}}