{"id":949,"date":"2022-10-18T18:11:17","date_gmt":"2022-10-18T18:11:17","guid":{"rendered":"https:\/\/clearingourpath.ca\/?page_id=949"},"modified":"2022-10-18T18:11:17","modified_gmt":"2022-10-18T18:11:17","slug":"passages-pietonniers-arc-en-ciel","status":"publish","type":"page","link":"https:\/\/clearingourpath.ca\/index.php\/language\/fr\/exigences-generales-de-design\/elements-de-design-exterieur\/intersections\/passages-pietonniers-arc-en-ciel\/","title":{"rendered":"Passages pi\u00e9tonniers arc-en-ciel"},"content":{"rendered":"<figure id=\"attachment_338\" aria-describedby=\"caption-attachment-338\" style=\"width: 516px\" class=\"wp-caption alignright\"><img loading=\"lazy\" decoding=\"async\" class=\"wp-image-338 size-full\" src=\"https:\/\/clearingourpath.ca\/wp-content\/uploads\/2022\/08\/fig4-2-a-1.jpg\" alt=\"Bandes blanches d'un passage pour pi\u00e9tons traditionnel avec des bandes parall\u00e8les s'\u00e9tendant d'un trottoir \u00e0 l'autre.\" width=\"516\" height=\"291\" srcset=\"https:\/\/clearingourpath.ca\/wp-content\/uploads\/2022\/08\/fig4-2-a-1.jpg 516w, https:\/\/clearingourpath.ca\/wp-content\/uploads\/2022\/08\/fig4-2-a-1-300x169.jpg 300w\" sizes=\"auto, (max-width: 516px) 100vw, 516px\" \/><figcaption id=\"caption-attachment-338\" class=\"wp-caption-text\">Bandes blanches d&#8217;un passage pour pi\u00e9tons traditionnel avec des bandes parall\u00e8les s&#8217;\u00e9tendant d&#8217;un trottoir \u00e0 l&#8217;autre.<\/figcaption><\/figure>\n<p>\u00c0 la Fondation <abbr>INCA<\/abbr>, nous ne connaissons pas de ligne directrice ni de norme qui pr\u00e9cise comment concevoir des passages pi\u00e9tonniers arc-en-ciel.<\/p>\n<p>En l&#8217;absence d&#8217;\u00e9tudes, les lignes directrices suivantes aideront \u00e0 assurer que les pi\u00e9tons vivant avec une perte de vision continuent \u00e0 se d\u00e9placer de mani\u00e8re autonome dans l&#8217;environnement b\u00e2ti lors de l&#8217;utilisation de passages pour pi\u00e9tons arc-en-ciel.<\/p>\n<ul>\n<li>Il faut s&#8217;assurer que les bordures d&#8217;un passage pi\u00e9tonnier arc-en-ciel ont une couleur contrastante par rapport \u00e0 celle du trottoir, p. ex., l&#8217;utilisation de bandes blanches est requise<\/li>\n<li>Pour \u00e9viter que les pi\u00e9tons se d\u00e9sorientent, il faut s&#8217;assurer que les bandes de l&#8217;arc-en-ciel sont parall\u00e8les \u00e0 la voie de d\u00e9placement et se prolongent d&#8217;un trottoir \u00e0 l&#8217;autre.<\/li>\n<li>Il faut s&#8217;assurer d&#8217;utiliser une peinture durable antid\u00e9rapante.<\/li>\n<li>Il faut s&#8217;assurer que le passage pour pi\u00e9tons est entretenu r\u00e9guli\u00e8rement, car la peinture peut \u00eatre affect\u00e9e par les changements saisonniers ou le sel de voierie et les couleurs peuvent s&#8217;estomper. Ce passage est alors beaucoup plus difficile \u00e0 rep\u00e9rer pour des pi\u00e9tons vivant avec une perte de vision.<\/li>\n<\/ul>\n<figure id=\"attachment_339\" aria-describedby=\"caption-attachment-339\" style=\"width: 386px\" class=\"wp-caption alignright\"><img loading=\"lazy\" decoding=\"async\" class=\"wp-image-339 size-full\" src=\"https:\/\/clearingourpath.ca\/wp-content\/uploads\/2022\/08\/fig4-2-a-2.jpg\" alt=\"Ce passage pour pi\u00e9tons est dot\u00e9 de bandes de couleur arc-en-ciel sans les bandes blanches traditionnelles.\" width=\"386\" height=\"515\" srcset=\"https:\/\/clearingourpath.ca\/wp-content\/uploads\/2022\/08\/fig4-2-a-2.jpg 386w, https:\/\/clearingourpath.ca\/wp-content\/uploads\/2022\/08\/fig4-2-a-2-225x300.jpg 225w\" sizes=\"auto, (max-width: 386px) 100vw, 386px\" \/><figcaption id=\"caption-attachment-339\" class=\"wp-caption-text\">Ce passage pour pi\u00e9tons est dot\u00e9 de bandes de couleur arc-en-ciel sans les bandes blanches traditionnelles.<\/figcaption><\/figure>\n","protected":false},"excerpt":{"rendered":"<p>\u00c0 la Fondation INCA, nous ne connaissons pas de ligne directrice ni de norme qui pr\u00e9cise comment concevoir des passages pi\u00e9tonniers arc-en-ciel. En l&#8217;absence d&#8217;\u00e9tudes, les lignes directrices suivantes aideront \u00e0 assurer que les pi\u00e9tons vivant avec une perte de vision continuent \u00e0 se d\u00e9placer [&hellip;]<\/p>\n","protected":false},"author":3,"featured_media":0,"parent":705,"menu_order":9,"comment_status":"closed","ping_status":"closed","template":"","meta":{"_monsterinsights_skip_tracking":false,"_monsterinsights_sitenote_active":false,"_monsterinsights_sitenote_note":"","_monsterinsights_sitenote_category":0,"footnotes":""},"class_list":["post-949","page","type-page","status-publish","hentry"],"_links":{"self":[{"href":"https:\/\/clearingourpath.ca\/index.php\/wp-json\/wp\/v2\/pages\/949","targetHints":{"allow":["GET"]}}],"collection":[{"href":"https:\/\/clearingourpath.ca\/index.php\/wp-json\/wp\/v2\/pages"}],"about":[{"href":"https:\/\/clearingourpath.ca\/index.php\/wp-json\/wp\/v2\/types\/page"}],"author":[{"embeddable":true,"href":"https:\/\/clearingourpath.ca\/index.php\/wp-json\/wp\/v2\/users\/3"}],"replies":[{"embeddable":true,"href":"https:\/\/clearingourpath.ca\/index.php\/wp-json\/wp\/v2\/comments?post=949"}],"version-history":[{"count":1,"href":"https:\/\/clearingourpath.ca\/index.php\/wp-json\/wp\/v2\/pages\/949\/revisions"}],"predecessor-version":[{"id":950,"href":"https:\/\/clearingourpath.ca\/index.php\/wp-json\/wp\/v2\/pages\/949\/revisions\/950"}],"up":[{"embeddable":true,"href":"https:\/\/clearingourpath.ca\/index.php\/wp-json\/wp\/v2\/pages\/705"}],"wp:attachment":[{"href":"https:\/\/clearingourpath.ca\/index.php\/wp-json\/wp\/v2\/media?parent=949"}],"curies":[{"name":"wp","href":"https:\/\/api.w.org\/{rel}","templated":true}]}}